MONTHLY CLIMATOLOGICAL SUMMARY for September 2008 CITY: Mannheim-Seckenheim ELEV: 96 m LAT: 49° 28' 7" LONG: 8° 33' 26" TEMPERATURE (°C), BAROMETER (hPa), RAIN (l/m²), WIND SPEED (km/h) MEAN TEMPERATURE WIND DOM DAY TEMP HIGH TIME LOW TIME HUM Baro Rain SPEED HIGH TIME DIR -------------------------------------------------------------------------------------------------------------- 1 20.3 23.8 16:30 17.7 07:40 80 1017.2 9.9 4.8 22.9 04:20 W 2 20.1 24.8 14:50 15.0 07:00 73 1014.4 0.0 4.0 16.9 12:25 W 3 16.4 19.4 09:14 13.3 19:25 82 1009.7 6.0 3.6 19.3 14:55 N 4 14.2 16.5 18:10 12.7 01:50 90 1010.4 4.3 1.1 8.7 11:45 W-SW 5 18.5 25.0 15:50 12.9 04:25 81 1007.0 0.7 1.8 28.4 23:59 O-NO 6 18.7 22.5 00:10 15.5 23:30 81 1008.8 2.5 4.3 23.1 00:55 W-SW 7 17.2 20.6 12:25 14.1 07:40 77 1013.5 0.0 4.8 18.6 15:20 W-SW 8 17.5 22.7 14:15 13.0 23:49 74 1018.3 0.4 3.3 14.5 16:39 W-SW 9 17.5 26.4 14:55 10.2 06:54 72 1018.4 0.0 2.0 12.8 16:34 W-SW 10 18.1 21.5 14:20 14.8 07:15 85 1018.3 0.4 0.2 6.3 11:10 W-SW 11 19.2 26.7 14:50 13.4 05:25 84 1013.4 0.4 1.1 10.5 14:34 O 12 17.5 19.4 11:10 16.3 23:45 88 1011.6 0.7 4.8 20.3 19:34 W 13 14.2 16.3 00:04 11.1 23:59 87 1015.4 6.4 7.3 20.3 14:50 NO 14 11.6 16.9 14:25 7.0 06:35 68 1021.6 0.0 8.4 24.8 10:40 NO 15 10.1 14.0 12:40 6.1 06:35 78 1023.8 0.0 7.1 18.5 12:55 NO 16 11.0 15.0 17:04 7.2 23:49 76 1023.7 0.0 6.0 15.5 14:35 NO 17 9.1 15.0 15:15 3.5 07:20 68 1024.7 0.0 7.0 18.1 14:15 NO 18 10.4 15.8 15:10 5.3 03:19 65 1024.2 0.0 5.6 17.8 14:25 O-NO 19 12.0 19.7 15:15 5.0 07:05 65 1025.0 0.0 4.0 15.3 17:10 NO 20 11.6 17.0 12:50 7.9 03:35 64 1030.5 0.0 5.8 19.3 11:40 O-NO 21 11.9 17.6 16:00 7.9 07:10 74 1025.6 1.4 3.5 21.8 18:25 NO 22 11.2 15.2 15:14 8.6 01:15 85 1020.6 2.1 4.5 18.1 18:15 N 23 9.9 14.4 16:30 5.7 05:39 88 1019.5 0.4 1.1 8.0 12:40 NO 24 13.0 17.0 13:20 9.9 05:04 83 1022.1 0.0 4.0 16.6 15:40 NO 25 13.2 15.2 16:05 11.2 23:45 78 1028.3 0.0 8.7 19.3 16:10 NO 26 12.6 19.2 15:45 6.6 07:50 69 1033.3 0.0 7.0 27.3 15:50 O-NO 27 12.6 19.9 14:50 7.1 08:05 71 1031.8 0.0 5.1 16.6 17:50 NO 28 11.2 19.9 15:05 5.2 07:21 76 1026.6 0.0 1.2 13.3 15:30 W 29 11.7 17.6 15:25 7.5 01:00 80 1019.6 0.0 1.9 13.9 16:45 W-SW 30 11.0 12.7 12:05 7.8 03:45 82 1013.9 0.0 9.1 31.7 19:50 W-SW -------------------------------------------------------------------------------------------------------------- Avg: 14.1 26.7 11 3.5 17 77 1019.7 35.5 4.4 31.7 30 NO Distribution WD Values 4647 Distribution WD N-NO 14.332% Distribution WD NO 22.724% Distribution WD NO-O 13.923% Distribution WD O 4.067% Distribution WD O-SO 0.624% Distribution WD SO 0.323% Distribution WD SO-S 0.430% Distribution WD S 0.366% Distribution WD S-SW 0.947% Distribution WD SW 3.723% Distribution WD SW-W 12.244% Distribution WD W 10.889% Distribution WD W-NW 2.044% Distribution WD NW 2.173% Distribution WD NW-N 2.238% Distribution WD N 8.952% Rain days >0.0 l/m² Month 13 Rain days >2.0 l/m² Month 6 Rain days >20.0 l/m² Month 0 Ice days max < 0°C 0 Cold days min <= 0°C 0 Cool days max < 10°C 0 Summer days max >=25°C 3 Hot days max >=30°C 0 Last year same Month: Ice days max < 0°C 0 Last year same Month: Cold days min <= 0°C 0 Last year same Month: Cool days max < 10°C 0 Last year same Month: Summer days max >=25°C 3 Last year same Month: Hot days max >=30°C 0 © 1999-2020 Werner Krenn - Wetterstation Bedien- und Auswertesoftware - V2.99.8.8