MONTHLY CLIMATOLOGICAL SUMMARY for Februar 2014 CITY: Mannheim-Seckenheim ELEV: 96 m LAT: 49° 28' 7" LONG: 8° 33' 26" TEMPERATURE (°C), BAROMETER (hPa), RAIN (l/m²), WIND SPEED (km/h) MEAN TEMPERATURE WIND DOM DAY TEMP HIGH TIME LOW TIME HUM Baro Rain SPEED HIGH TIME DIR -------------------------------------------------------------------------------------------------------------- 1 4.3 8.4 13:50 -0.3 01:00 85 1004.5 3.2 5.9 16.1 13:45 S 2 5.2 8.2 14:20 2.3 23:45 92 1013.3 1.0 2.1 11.3 14:25 S-SW 3 3.7 6.7 11:30 0.7 03:00 88 1011.8 0.0 4.8 19.3 14:10 O 4 4.0 7.9 15:55 1.3 22:30 87 1009.8 0.0 3.4 12.9 12:55 S-SO 5 2.3 5.0 17:15 -0.2 07:05 95 1002.3 2.0 4.2 20.9 18:20 S 6 8.2 11.3 15:05 3.8 00:05 75 1005.3 0.2 11.3 24.1 12:40 S 7 9.2 12.1 11:25 5.1 23:15 67 999.5 0.8 14.6 41.8 13:15 W-SW 8 6.5 10.2 14:15 3.4 02:20 80 998.5 1.2 11.2 30.6 16:50 S-SO 9 5.9 9.0 13:10 2.1 23:55 79 998.6 0.6 15.4 38.6 09:30 SW 10 4.2 7.5 14:10 0.3 03:55 82 995.6 1.8 5.9 32.2 10:40 O 11 5.8 9.2 15:45 3.8 23:50 83 1004.6 0.0 8.0 25.7 13:55 SW 12 5.7 9.2 13:50 2.8 07:45 77 1007.9 0.2 7.8 22.5 16:30 SW 13 6.7 8.2 11:00 5.4 07:35 87 998.8 10.8 13.7 35.4 19:05 SW 14 6.8 9.7 13:40 3.9 08:35 79 1006.8 1.0 10.4 30.6 00:00 SO 15 8.8 10.3 08:40 7.0 20:55 84 1002.8 2.6 12.3 27.4 17:15 SW 16 7.2 10.7 14:35 3.5 22:25 84 1011.4 0.2 12.5 27.4 03:40 SW 17 6.3 12.3 14:50 2.9 23:45 82 1014.9 0.0 3.8 14.5 11:45 SW 18 5.5 11.4 15:20 0.9 06:25 83 1014.6 0.0 2.0 11.3 12:40 S 19 8.6 12.8 16:00 5.5 03:15 83 1013.9 2.0 7.2 25.7 12:35 SW 20 8.9 12.9 14:50 5.7 00:35 80 1012.3 0.2 7.3 24.1 14:50 SW 21 8.6 11.8 15:10 4.6 23:45 79 1008.9 0.0 11.6 41.8 15:20 W 22 5.8 10.0 12:50 2.5 07:10 83 1015.9 1.6 7.2 27.4 11:30 SW 23 6.9 11.3 16:35 2.8 23:20 83 1021.4 0.0 3.3 17.7 10:30 S-SW 24 6.1 14.2 15:20 0.7 06:50 75 1016.1 0.0 3.3 16.1 13:55 S-SO 25 8.4 13.9 13:55 3.1 00:10 69 1012.9 0.0 4.9 27.4 13:10 S-SW 26 8.7 11.6 12:15 6.9 02:00 84 1015.4 7.2 3.0 11.3 04:20 SW 27 7.5 10.8 14:45 5.4 23:55 85 1016.0 2.2 6.3 22.5 20:30 SW 28 7.4 11.5 16:10 4.0 05:55 83 1003.8 1.6 7.7 19.3 00:10 O -------------------------------------------------------------------------------------------------------------- Avg: 6.5 14.2 24 -0.3 1 82 1008.5 40.4 7.5 41.8 7 SW Distribution WD Values 4190 Distribution WD N-NO 0.119% Distribution WD NO 0.931% Distribution WD NO-O 1.790% Distribution WD O 6.038% Distribution WD O-SO 6.516% Distribution WD SO 7.399% Distribution WD SO-S 11.647% Distribution WD S 14.654% Distribution WD S-SW 14.630% Distribution WD SW 24.749% Distribution WD SW-W 8.305% Distribution WD W 3.007% Distribution WD W-NW 0.024% Distribution WD NW 0.024% Distribution WD NW-N 0.024% Distribution WD N 0.143% Rain days >0.0 l/m² Month 19 Rain days >2.0 l/m² Month 7 Rain days >20.0 l/m² Month 0 Ice days max < 0°C 0 Cold days min <= 0°C 2 Cool days max < 10°C 11 Summer days max >=25°C 0 Hot days max >=30°C 0 Last year same Month: Ice days max < 0°C 2 Last year same Month: Cold days min <= 0°C 17 Last year same Month: Cool days max < 10°C 28 Last year same Month: Summer days max >=25°C 0 Last year same Month: Hot days max >=30°C 0 © 1999-2020 Werner Krenn - Wetterstation Bedien- und Auswertesoftware - V2.99.8.8