MONTHLY CLIMATOLOGICAL SUMMARY for April 2014 CITY: Mannheim-Seckenheim ELEV: 96 m LAT: 49° 28' 7" LONG: 8° 33' 26" TEMPERATURE (°C), BAROMETER (hPa), RAIN (l/m²), WIND SPEED (km/h) MEAN TEMPERATURE WIND DOM DAY TEMP HIGH TIME LOW TIME HUM Baro Rain SPEED HIGH TIME DIR -------------------------------------------------------------------------------------------------------------- 1 14.0 22.2 16:05 7.2 05:45 62 1010.5 0.0 2.4 12.9 11:45 SW 2 15.4 23.7 15:45 8.4 07:35 63 1006.5 0.0 2.9 11.3 13:35 SW 3 16.6 23.5 15:50 9.8 05:35 62 1003.2 0.0 4.1 16.1 21:05 NO 4 17.2 23.8 16:45 12.8 07:00 63 1004.4 1.0 6.3 33.8 18:20 NO 5 13.4 15.7 17:15 10.3 06:15 88 1012.3 1.8 2.6 12.9 10:30 W 6 15.5 20.7 16:05 10.8 07:40 74 1017.6 0.0 3.6 14.5 13:55 SW 7 16.0 22.7 16:55 9.1 05:50 71 1015.5 0.0 3.7 12.9 13:35 SO 8 14.3 17.2 03:05 10.9 23:55 61 1015.8 1.2 19.3 38.6 16:00 W 9 11.1 16.1 17:10 5.6 07:25 62 1024.0 0.2 8.2 25.7 00:15 W 10 13.2 18.4 16:05 8.8 05:45 65 1020.7 0.0 4.4 19.3 16:05 O-NO 11 14.6 21.6 15:45 7.8 05:55 64 1016.0 0.0 4.0 14.5 13:50 O 12 14.9 20.4 16:10 9.2 06:00 66 1014.6 0.0 6.3 16.1 16:20 N-NO 13 14.2 18.8 16:15 8.6 07:15 56 1017.3 0.0 8.4 25.7 17:55 N 14 11.5 16.2 15:25 7.7 23:45 62 1016.7 0.0 16.7 40.2 17:15 W 15 7.9 10.3 16:55 5.3 06:00 61 1024.0 0.0 12.6 24.1 11:10 NW 16 8.9 15.3 15:20 2.7 05:45 61 1027.6 0.0 6.3 20.9 14:20 O-NO 17 10.8 17.4 15:45 3.1 06:55 49 1021.0 0.0 5.4 19.3 14:35 O 18 10.1 14.5 13:25 7.3 23:55 64 1011.3 1.4 8.4 35.4 15:50 N 19 11.5 19.6 17:10 4.3 02:55 70 1011.1 0.0 11.5 29.0 11:35 NO 20 16.4 22.1 14:40 11.1 07:00 61 1004.6 0.2 11.1 24.1 14:10 O 21 14.2 20.0 14:45 8.4 06:50 68 1002.9 0.2 7.8 24.1 16:20 SW 22 14.0 18.9 16:50 10.0 05:10 77 1010.3 0.0 4.3 14.5 10:50 SW 23 16.1 24.1 15:10 8.1 06:20 66 1016.9 0.0 4.8 17.7 17:35 NO 24 17.7 25.1 15:50 9.6 07:05 61 1015.3 0.0 5.0 16.1 17:35 O-NO 25 19.3 26.3 15:20 12.8 06:30 60 1009.2 4.6 7.8 17.7 01:10 O-NO 26 16.5 21.0 15:30 12.8 07:10 76 1009.3 5.0 4.4 17.7 19:40 N-NO 27 13.6 16.3 16:05 11.5 22:55 81 1006.8 18.0 6.7 17.7 01:35 SW 28 13.5 15.9 15:05 11.1 05:45 81 1008.8 0.4 2.1 9.7 12:30 W 29 14.4 18.1 15:50 12.1 06:30 84 1010.6 0.4 4.5 16.1 18:50 N 30 14.8 20.8 17:25 11.7 06:00 86 1008.9 7.0 6.1 19.3 21:00 NO -------------------------------------------------------------------------------------------------------------- Avg: 14.0 26.3 25 2.7 16 68 1013.1 41.4 6.7 40.2 14 W Distribution WD Values 4351 Distribution WD N-NO 9.193% Distribution WD NO 10.779% Distribution WD NO-O 10.457% Distribution WD O 6.711% Distribution WD O-SO 3.470% Distribution WD SO 1.885% Distribution WD SO-S 2.620% Distribution WD S 3.218% Distribution WD S-SW 4.459% Distribution WD SW 8.136% Distribution WD SW-W 4.367% Distribution WD W 14.985% Distribution WD W-NW 3.470% Distribution WD NW 4.551% Distribution WD NW-N 3.769% Distribution WD N 7.929% Rain days >0.0 l/m² Month 13 Rain days >2.0 l/m² Month 4 Rain days >20.0 l/m² Month 0 Ice days max < 0°C 0 Cold days min <= 0°C 0 Cool days max < 10°C 0 Summer days max >=25°C 2 Hot days max >=30°C 0 Last year same Month: Ice days max < 0°C 0 Last year same Month: Cold days min <= 0°C 2 Last year same Month: Cool days max < 10°C 5 Last year same Month: Summer days max >=25°C 3 Last year same Month: Hot days max >=30°C 0 © 1999-2020 Werner Krenn - Wetterstation Bedien- und Auswertesoftware - V2.99.8.8