MONTHLY CLIMATOLOGICAL SUMMARY for Oktober 2021 CITY: Mannheim-Seckenheim ELEV: 96 m LAT: 49° 28' 7" LONG: 8° 33' 26" TEMPERATURE (°C), BAROMETER (hPa), RAIN (l/m²), WIND SPEED (km/h) MEAN TEMPERATURE WIND DOM DAY TEMP HIGH TIME LOW TIME HUM Baro Rain SPEED HIGH TIME DIR -------------------------------------------------------------------------------------------------------------- 1 12.6 19.7 16:15 6.8 04:05 76 1019.1 0.0 2.8 16.1 16:15 S-SO 2 16.9 22.1 15:25 12.3 05:40 74 1011.3 0.2 4.9 22.5 11:40 S-SO 3 19.4 23.6 15:05 15.1 23:55 70 1005.0 1.6 5.8 20.9 08:20 S-SO 4 13.5 15.2 17:25 12.4 07:50 93 1016.6 7.4 1.5 12.9 13:05 S-SO 5 13.8 18.1 15:50 11.6 06:45 90 1010.4 4.8 3.6 22.5 15:55 S-SO 6 12.1 15.6 13:45 10.4 21:55 88 1017.4 1.0 5.1 20.9 13:05 SW 7 12.2 16.4 13:50 8.9 23:50 89 1025.5 1.0 0.5 9.7 13:55 O-NO 8 12.1 18.1 16:45 7.1 07:00 85 1026.9 0.2 4.9 24.1 15:20 N-NO 9 12.4 18.6 16:00 7.5 23:55 76 1025.9 0.0 2.8 14.5 13:05 N-NO 10 9.0 16.0 16:30 3.7 06:55 84 1025.6 0.0 0.4 8.0 14:40 W 11 7.4 11.8 16:05 3.4 07:40 93 1024.9 0.0 0.3 9.7 11:25 SO 12 9.3 12.5 13:15 6.4 00:00 95 1020.0 8.8 1.1 16.1 20:10 SW 13 7.8 12.9 15:25 4.1 05:05 94 1023.8 1.2 0.3 16.1 16:30 N-NO 14 9.7 15.1 15:35 6.4 07:25 89 1024.9 0.2 2.4 11.3 09:05 S-SO 15 10.3 15.3 16:40 6.2 07:35 88 1018.4 0.2 2.3 14.5 15:05 S-SO 16 8.8 14.1 15:40 4.5 07:50 92 1020.2 0.0 0.5 9.7 15:10 O 17 8.2 10.9 14:35 4.3 07:45 94 1020.3 0.2 0.3 8.0 14:40 O-SO 18 10.1 13.9 15:45 6.9 23:50 90 1023.7 0.0 1.5 14.5 13:45 SO 19 11.4 17.0 17:00 6.8 02:50 92 1021.5 12.0 4.0 16.1 13:35 S-SO 20 15.1 19.1 14:25 11.3 07:50 83 1011.2 5.4 6.4 17.7 23:45 S-SO 21 13.6 16.1 16:45 8.0 23:50 77 1005.5 3.8 17.7 61.2 09:35 SW 22 8.1 12.2 14:45 3.5 08:10 83 1018.8 0.4 5.6 30.6 18:00 SW 23 8.9 13.2 14:20 3.8 23:55 85 1026.6 0.0 0.4 11.3 00:25 S 24 6.7 14.3 16:10 1.3 07:30 85 1024.7 0.2 1.5 11.3 13:20 S-SO 25 7.9 15.5 15:55 1.6 06:05 87 1020.2 0.0 0.6 11.3 13:15 S-SO 26 11.4 16.1 15:00 8.3 22:20 89 1022.2 0.4 1.0 11.3 14:25 SW 27 10.6 15.8 15:55 7.0 23:45 89 1024.4 0.0 0.8 11.3 14:25 SO 28 7.3 12.5 16:30 3.9 06:35 94 1019.2 0.2 0.9 11.3 11:30 SO 29 8.1 13.5 15:50 5.3 07:50 92 1012.6 0.4 1.2 11.3 01:05 S-SO 30 6.6 10.0 23:50 4.1 07:15 96 1007.5 1.2 1.1 11.3 17:40 S 31 14.2 19.6 14:25 9.9 03:20 84 1005.2 0.0 2.4 14.5 23:59 S-SO -------------------------------------------------------------------------------------------------------------- Avg: 10.8 23.6 3 1.3 24 87 1018.7 50.8 2.7 61.2 21 S-SO Distribution WD Values 1190 Distribution WD N-NO 5.630% Distribution WD NO 1.765% Distribution WD NO-O 2.017% Distribution WD O 1.429% Distribution WD O-SO 2.269% Distribution WD SO 10.672% Distribution WD SO-S 31.597% Distribution WD S 5.630% Distribution WD S-SW 3.866% Distribution WD SW 19.664% Distribution WD SW-W 11.429% Distribution WD W 1.429% Distribution WD W-NW 0.000% Distribution WD NW 0.000% Distribution WD NW-N 0.336% Distribution WD N 2.269% Rain days >0.0 l/m² Month 21 Rain days >2.0 l/m² Month 6 Rain days >20.0 l/m² Month 0 Ice days max < 0°C 0 Cold days min <= 0°C 0 Cool days max < 10°C 0 Summer days max >=25°C 0 Hot days max >=30°C 0 Last year same Month: Ice days max < 0°C 0 Last year same Month: Cold days min <= 0°C 0 Last year same Month: Cool days max < 10°C 0 Last year same Month: Summer days max >=25°C 0 Last year same Month: Hot days max >=30°C 0 © 1999-2020 Werner Krenn - Wetterstation Bedien- und Auswertesoftware - V2.99.8.8