MONTHLY CLIMATOLOGICAL SUMMARY for April 2008 CITY: Mannheim-Seckenheim ELEV: 96 m LAT: 49° 28' 7" LONG: 8° 33' 26" TEMPERATURE (°C), BAROMETER (hPa), RAIN (l/m²), WIND SPEED (km/h) MEAN TEMPERATURE WIND DOM DAY TEMP HIGH TIME LOW TIME HUM Baro Rain SPEED HIGH TIME DIR -------------------------------------------------------------------------------------------------------------- 1 11.5 18.3 16:00 4.6 05:20 65 1023.8 0.0 7.2 34.3 21:05 W 2 10.9 12.5 00:00 8.3 23:55 65 1022.8 0.0 15.6 30.1 18:25 W 3 7.9 11.5 15:55 6.3 23:55 75 1024.9 1.1 9.7 23.3 16:55 W-NW 4 8.3 11.9 15:10 4.7 01:15 74 1028.3 0.4 2.2 13.0 22:31 N-NO 5 8.0 12.0 15:40 6.0 23:10 86 1013.6 6.4 4.9 22.6 20:15 W-SW 6 5.3 8.5 12:40 2.1 07:25 80 1003.6 1.1 4.8 21.2 18:15 W 7 3.3 5.4 16:10 1.9 22:55 81 1004.7 5.0 11.3 30.0 07:14 W-SW 8 5.2 10.8 17:00 -1.4 05:30 69 1007.1 0.4 2.2 11.5 12:30 NO 9 6.7 8.2 14:15 5.3 08:40 86 1000.0 16.0 3.7 13.8 11:55 N-NO 10 7.2 10.1 16:55 5.3 06:35 86 999.8 0.7 5.0 12.1 11:45 N 11 8.2 12.2 13:15 6.0 23:45 90 1000.5 13.5 3.9 20.5 16:30 W-NW 12 9.4 15.0 16:10 4.0 06:50 75 1011.9 0.4 4.8 23.8 17:20 W-SW 13 10.3 16.1 14:55 7.1 04:10 73 1014.7 8.9 4.7 34.6 17:55 W-SW 14 8.8 10.4 10:05 7.2 00:10 80 1014.3 3.2 10.4 28.4 14:45 W 15 8.6 12.4 15:45 6.4 06:25 71 1020.3 0.0 8.8 23.8 15:45 W 16 6.5 9.6 17:30 4.8 06:00 78 1020.9 1.4 6.6 17.1 18:20 N 17 6.3 10.4 16:15 3.6 06:35 76 1010.3 6.4 6.5 20.1 18:00 O-NO 18 11.3 18.0 16:15 5.3 02:15 60 1000.2 0.0 8.0 19.6 18:30 NO 19 9.5 12.0 00:00 7.3 07:15 85 1000.4 7.5 3.3 19.3 00:55 NO 20 12.3 19.6 16:15 7.5 06:25 78 1006.2 0.0 5.0 16.1 20:29 NO 21 12.9 16.7 15:50 8.9 07:35 74 1001.8 0.0 6.4 19.0 03:35 NO 22 11.3 12.6 00:00 9.9 06:40 81 1007.3 0.7 4.8 13.8 16:35 N-NO 23 13.0 19.5 14:55 6.4 06:50 70 1018.9 0.0 2.4 13.5 11:45 O-NO 24 14.5 20.0 14:30 9.8 23:54 67 1024.1 0.0 4.3 22.3 16:30 W 25 13.4 18.2 15:35 9.0 00:45 63 1028.7 0.4 7.2 29.5 02:05 W 26 13.7 20.6 15:59 6.6 06:29 62 1029.6 0.0 2.8 13.3 18:20 NO 27 15.4 22.5 15:35 7.3 06:25 55 1022.2 0.0 2.6 14.3 14:40 NO 28 15.2 22.1 12:05 10.9 03:50 68 1010.5 3.2 5.5 21.8 13:55 W-SW 29 12.7 17.5 16:55 8.6 23:55 70 1007.3 2.1 3.8 20.2 17:05 W-SW 30 12.2 21.5 13:40 6.2 04:10 71 1004.3 3.2 4.7 30.5 15:55 W-SW -------------------------------------------------------------------------------------------------------------- Avg: 10.0 22.5 27 -1.4 8 74 1012.8 81.6 5.8 34.6 13 W Distribution WD Values 5425 Distribution WD N-NO 10.359% Distribution WD NO 12.977% Distribution WD NO-O 8.147% Distribution WD O 2.857% Distribution WD O-SO 0.498% Distribution WD SO 0.332% Distribution WD SO-S 0.387% Distribution WD S 0.627% Distribution WD S-SW 0.829% Distribution WD SW 3.889% Distribution WD SW-W 14.820% Distribution WD W 21.438% Distribution WD W-NW 5.419% Distribution WD NW 4.350% Distribution WD NW-N 3.908% Distribution WD N 9.161% Rain days >0.0 l/m² Month 20 Rain days >2.0 l/m² Month 11 Rain days >20.0 l/m² Month 0 Ice days max < 0°C 0 Cold days min <= 0°C 1 Cool days max < 10°C 4 Summer days max >=25°C 0 Hot days max >=30°C 0 Last year same Month: Ice days max < 0°C 0 Last year same Month: Cold days min <= 0°C 0 Last year same Month: Cool days max < 10°C 0 Last year same Month: Summer days max >=25°C 14 Last year same Month: Hot days max >=30°C 1 © 1999-2020 Werner Krenn - Wetterstation Bedien- und Auswertesoftware - V2.99.8.8