MONTHLY CLIMATOLOGICAL SUMMARY for April 2010 CITY: Mannheim-Seckenheim ELEV: 96 m LAT: 49° 28' 7" LONG: 8° 33' 26" TEMPERATURE (°C), BAROMETER (hPa), RAIN (l/m²), WIND SPEED (km/h) MEAN TEMPERATURE WIND DOM DAY TEMP HIGH TIME LOW TIME HUM Baro Rain SPEED HIGH TIME DIR -------------------------------------------------------------------------------------------------------------- 1 7.3 10.6 16:50 3.1 23:40 68 1011.5 0.0 11.3 29.0 19:30 W-SW 2 7.6 13.3 16:40 1.8 07:20 65 1015.4 0.0 8.4 22.5 15:35 SO 3 9.6 13.1 14:30 6.8 07:20 82 1010.9 8.0 10.5 30.6 14:35 S 4 9.4 13.8 16:30 6.3 07:10 79 1012.1 0.8 14.8 35.4 14:55 W 5 8.9 13.2 17:00 5.8 23:35 69 1025.4 0.2 7.5 20.9 10:40 W 6 10.3 17.7 16:45 1.9 07:00 61 1023.9 0.0 8.0 22.5 12:00 O 7 14.3 22.1 17:10 6.8 07:20 50 1017.4 0.0 7.0 25.7 02:05 O-SO 8 13.2 18.0 14:20 8.2 05:50 70 1021.7 0.0 7.6 22.5 17:20 N-NO 9 13.1 17.1 16:05 9.8 23:55 61 1029.2 0.0 12.6 20.9 10:40 N-NO 10 10.7 15.6 16:15 6.3 04:10 62 1027.2 0.0 9.1 27.4 15:30 NO 11 7.3 10.2 16:05 4.9 16:25 72 1021.6 4.0 10.4 30.6 14:20 O-NO 12 6.8 8.9 13:45 4.4 03:40 81 1017.5 0.6 10.8 24.1 16:15 O-NO 13 8.6 11.9 16:50 6.1 01:30 88 1014.8 6.4 4.4 11.3 03:50 NO 14 10.9 15.5 16:50 6.6 05:55 70 1013.7 0.2 8.6 27.4 21:25 NO 15 10.4 13.7 13:55 7.0 06:35 75 1016.0 0.0 8.9 20.9 12:50 NO 16 12.3 17.5 15:15 9.0 23:55 61 1018.9 0.0 11.4 25.7 15:20 NO 17 11.5 18.7 18:00 4.7 06:20 55 1019.8 0.0 7.9 16.1 12:25 O-NO 18 13.1 21.2 17:15 5.5 06:30 54 1012.4 0.0 6.4 20.9 14:05 W-NW 19 14.0 22.1 16:05 5.9 06:05 55 1012.2 0.0 5.9 19.3 19:55 N 20 13.8 21.2 16:05 6.5 06:20 55 1013.7 0.0 11.7 35.4 19:25 W 21 9.9 14.5 15:40 4.3 06:20 52 1016.8 0.0 10.6 30.6 15:35 N 22 9.5 16.3 16:45 2.7 06:40 48 1015.9 0.0 7.0 19.3 13:30 NO 23 12.0 20.3 16:20 3.6 05:55 39 1013.1 0.0 6.8 17.7 17:00 NO 24 14.2 23.4 17:05 4.8 06:25 45 1017.4 0.0 4.5 12.9 13:00 O-NO 25 17.0 25.3 16:35 7.2 06:50 47 1020.1 0.0 5.6 19.3 13:35 O-SO 26 16.0 20.5 16:05 11.3 07:00 64 1022.9 5.6 11.1 35.4 02:20 W 27 15.2 21.2 16:40 10.1 05:50 62 1025.6 0.0 7.3 20.9 12:30 NO 28 16.3 24.0 16:45 8.9 05:40 56 1023.6 0.0 4.9 14.5 12:10 O 29 19.0 27.6 15:55 10.2 06:35 55 1013.9 0.0 6.3 19.3 13:45 SW 30 18.3 22.1 11:40 14.1 23:10 66 1010.2 1.0 13.0 29.0 12:45 W-SW -------------------------------------------------------------------------------------------------------------- Avg: 12.0 27.6 29 1.8 2 62 1017.8 26.8 8.7 35.4 4 NO Distribution WD Values 6597 Distribution WD N-NO 12.142% Distribution WD NO 16.689% Distribution WD NO-O 12.809% Distribution WD O 5.760% Distribution WD O-SO 3.289% Distribution WD SO 2.304% Distribution WD SO-S 2.562% Distribution WD S 3.229% Distribution WD S-SW 3.168% Distribution WD SW 5.791% Distribution WD SW-W 7.261% Distribution WD W 8.383% Distribution WD W-NW 3.365% Distribution WD NW 2.668% Distribution WD NW-N 2.835% Distribution WD N 7.746% Rain days >0.0 l/m² Month 9 Rain days >2.0 l/m² Month 4 Rain days >20.0 l/m² Month 0 Ice days max < 0°C 0 Cold days min <= 0°C 0 Cool days max < 10°C 1 Summer days max >=25°C 2 Hot days max >=30°C 0 Last year same Month: Ice days max < 0°C 0 Last year same Month: Cold days min <= 0°C 0 Last year same Month: Cool days max < 10°C 0 Last year same Month: Summer days max >=25°C 5 Last year same Month: Hot days max >=30°C 0 © 1999-2020 Werner Krenn - Wetterstation Bedien- und Auswertesoftware - V2.99.8.8