MONTHLY CLIMATOLOGICAL SUMMARY for Oktober 2011 CITY: Mannheim-Seckenheim ELEV: 96 m LAT: 49° 28' 7" LONG: 8° 33' 26" TEMPERATURE (°C), BAROMETER (hPa), RAIN (l/m²), WIND SPEED (km/h) MEAN TEMPERATURE WIND DOM DAY TEMP HIGH TIME LOW TIME HUM Baro Rain SPEED HIGH TIME DIR -------------------------------------------------------------------------------------------------------------- 1 17.1 25.7 16:25 11.0 07:30 78 1024.7 0.0 2.2 8.0 11:45 W 2 17.2 25.3 16:10 11.9 07:35 82 1023.8 0.0 1.9 9.7 14:20 W 3 17.7 25.4 15:40 12.3 06:45 82 1021.7 0.0 3.9 12.9 13:15 SW 4 18.8 26.2 15:00 13.4 07:15 73 1021.1 0.0 9.6 25.7 18:55 W 5 17.2 20.7 16:10 13.6 04:30 81 1021.3 0.0 6.6 19.3 18:10 SW 6 15.7 20.2 14:45 11.4 22:20 80 1013.4 2.8 12.8 38.6 18:20 SW 7 11.3 13.6 14:35 9.5 08:45 76 1012.5 0.4 15.5 37.0 17:00 W 8 10.5 12.2 11:45 7.4 23:50 78 1015.1 12.8 14.0 29.0 04:45 W 9 9.5 14.3 15:55 5.4 08:35 82 1020.9 3.4 5.0 17.7 15:55 SW 10 15.2 19.8 15:00 9.6 00:00 87 1018.4 3.8 12.6 30.6 16:30 SW 11 15.9 16.9 00:00 14.8 20:55 81 1020.1 0.0 13.5 25.7 03:10 SW 12 15.6 17.4 13:20 14.4 09:00 83 1019.4 0.2 13.1 27.4 12:45 SW 13 12.3 15.5 15:50 7.9 22:55 81 1025.8 2.6 7.5 14.5 16:00 NO 14 9.6 15.0 15:35 5.3 06:40 70 1030.8 0.0 8.1 19.3 16:35 NO 15 8.2 14.4 16:05 2.9 07:40 68 1028.8 0.0 4.7 12.9 12:00 NO 16 9.0 14.6 15:35 4.5 00:55 74 1025.2 0.0 5.0 16.1 05:20 O 17 9.5 15.1 15:50 4.8 02:55 89 1022.4 0.0 2.8 11.3 11:10 S 18 12.9 19.8 15:20 7.9 23:55 80 1013.8 4.4 14.5 37.0 15:40 SW 19 7.3 8.8 15:40 6.3 09:30 93 1017.2 14.4 8.2 20.9 20:05 SW 20 6.5 11.2 16:15 3.7 07:00 91 1024.9 4.6 4.5 14.5 17:00 SW 21 3.8 6.1 16:20 1.3 08:45 97 1028.1 0.2 3.7 12.9 18:15 NO 22 4.5 11.2 15:35 0.3 09:10 85 1023.8 0.2 4.6 16.1 13:25 O 23 4.8 11.1 16:05 -0.1 08:00 86 1018.5 0.2 3.7 17.7 22:55 O 24 8.7 13.5 19:55 3.1 05:45 75 1009.9 0.2 9.1 29.0 21:10 O 25 9.9 13.0 15:25 7.1 08:05 80 1004.5 1.2 3.5 25.7 00:15 O-NO 26 10.1 15.8 15:10 5.8 23:40 86 1013.0 0.6 4.6 14.5 03:20 S 27 8.3 13.0 16:15 3.7 07:55 91 1015.9 0.0 3.2 16.1 11:40 O 28 9.0 16.6 15:45 4.6 08:10 91 1023.0 0.0 1.5 9.7 14:45 S-SW 29 11.0 16.9 14:00 6.0 06:45 91 1024.4 0.2 1.6 9.7 13:40 W-SW 30 12.7 16.1 16:05 10.3 02:00 91 1022.3 0.0 2.5 11.3 10:25 S-SO 31 11.7 17.7 14:20 8.1 07:20 89 1018.7 0.0 2.8 9.7 20:30 W -------------------------------------------------------------------------------------------------------------- Avg: 11.3 26.2 4 -0.1 23 83 1020.1 52.2 6.7 38.6 6 SW Distribution WD Values 4731 Distribution WD N-NO 3.678% Distribution WD NO 8.159% Distribution WD NO-O 6.405% Distribution WD O 7.356% Distribution WD O-SO 3.868% Distribution WD SO 3.974% Distribution WD SO-S 5.432% Distribution WD S 5.580% Distribution WD S-SW 7.166% Distribution WD SW 22.490% Distribution WD SW-W 9.448% Distribution WD W 10.695% Distribution WD W-NW 1.099% Distribution WD NW 0.909% Distribution WD NW-N 1.374% Distribution WD N 2.367% Rain days >0.0 l/m² Month 17 Rain days >2.0 l/m² Month 8 Rain days >20.0 l/m² Month 0 Ice days max < 0°C 0 Cold days min <= 0°C 1 Cool days max < 10°C 2 Summer days max >=25°C 4 Hot days max >=30°C 0 Last year same Month: Ice days max < 0°C 0 Last year same Month: Cold days min <= 0°C 3 Last year same Month: Cool days max < 10°C 5 Last year same Month: Summer days max >=25°C 0 Last year same Month: Hot days max >=30°C 0 © 1999-2020 Werner Krenn - Wetterstation Bedien- und Auswertesoftware - V2.99.8.8