MONTHLY CLIMATOLOGICAL SUMMARY for November 2011 CITY: Mannheim-Seckenheim ELEV: 96 m LAT: 49° 28' 7" LONG: 8° 33' 26" TEMPERATURE (°C), BAROMETER (hPa), RAIN (l/m²), WIND SPEED (km/h) MEAN TEMPERATURE WIND DOM DAY TEMP HIGH TIME LOW TIME HUM Baro Rain SPEED HIGH TIME DIR -------------------------------------------------------------------------------------------------------------- 1 9.5 14.8 15:00 6.6 07:55 89 1016.3 0.0 4.7 16.1 03:55 SW 2 10.5 16.7 14:30 6.3 07:25 89 1013.9 0.0 2.6 12.9 17:40 O 3 11.1 14.9 14:00 8.4 23:50 87 1006.8 0.0 2.6 9.7 13:00 NO 4 10.9 15.1 13:25 7.8 00:45 86 1005.0 0.0 3.9 12.9 05:50 SW 5 10.3 15.2 14:35 7.7 08:05 88 1005.9 0.0 2.2 8.0 10:35 N-NW 6 10.4 17.3 14:50 5.8 07:35 88 1010.6 0.0 4.6 17.7 14:55 N 7 10.0 12.9 13:05 7.4 07:45 90 1014.7 0.2 4.6 14.5 03:40 N 8 7.3 10.5 15:30 4.6 23:45 93 1017.3 0.0 1.6 8.0 07:10 N-NO 9 6.8 8.5 15:10 3.6 01:40 96 1021.3 0.4 1.6 6.4 21:20 SW 10 7.2 8.3 20:50 6.0 06:45 94 1022.1 0.4 3.4 12.9 21:15 O 11 8.2 10.7 12:35 6.0 18:10 78 1023.6 0.0 10.0 22.5 16:10 O 12 7.2 9.3 15:25 2.9 07:45 83 1030.6 0.0 3.3 12.9 00:15 O 13 5.5 8.6 14:15 0.7 23:50 89 1031.9 0.0 3.6 11.3 07:10 N-NO 14 1.4 3.3 15:00 -0.9 07:10 94 1027.2 0.2 2.6 9.7 13:10 NO 15 1.4 2.3 13:20 -0.2 23:55 95 1022.2 0.0 4.1 9.7 12:05 NO 16 1.7 4.2 14:55 -0.9 03:55 92 1022.2 0.0 3.5 12.9 15:40 NO 17 3.4 6.1 21:45 -0.4 03:20 92 1024.3 0.0 3.4 11.3 10:20 S-SO 18 7.5 9.8 14:15 5.9 00:00 92 1023.7 0.0 1.4 6.4 15:25 O-NO 19 5.2 7.2 00:00 1.8 08:05 95 1021.0 0.2 1.5 9.7 14:30 NO 20 6.8 10.0 14:20 4.9 23:55 90 1020.9 0.0 1.1 8.0 06:15 W-SW 21 3.9 8.1 14:45 0.9 07:55 93 1018.2 0.0 1.1 6.4 16:30 NO 22 2.5 6.5 15:20 0.0 08:00 94 1019.4 0.2 1.8 8.0 12:10 NO 23 1.0 4.1 15:00 -0.4 23:40 96 1027.0 0.0 1.0 4.8 12:30 O-NO 24 0.6 2.3 14:55 -0.7 00:50 96 1033.3 0.0 3.4 11.3 15:35 NO 25 1.6 3.3 15:15 0.1 04:50 96 1029.9 0.6 5.1 14.5 14:45 S-SO 26 5.5 8.8 14:45 2.8 07:35 92 1031.3 0.2 5.6 17.7 12:45 S 27 5.3 7.8 13:20 2.3 08:00 91 1025.4 0.0 10.0 27.4 20:10 SW 28 3.9 7.1 00:00 1.0 08:30 96 1027.5 0.0 3.0 9.7 16:20 N 29 2.2 3.8 23:50 0.5 05:10 98 1021.8 0.2 5.1 16.1 19:30 S-SO 30 6.7 10.9 14:35 3.3 22:30 94 1025.7 0.4 3.5 17.7 02:50 S -------------------------------------------------------------------------------------------------------------- Avg: 5.9 17.3 6 -0.9 14 91 1021.4 3.0 3.5 27.4 27 NO Distribution WD Values 2720 Distribution WD N-NO 7.279% Distribution WD NO 11.581% Distribution WD NO-O 8.382% Distribution WD O 9.412% Distribution WD O-SO 4.669% Distribution WD SO 4.596% Distribution WD SO-S 7.426% Distribution WD S 7.978% Distribution WD S-SW 6.581% Distribution WD SW 10.368% Distribution WD SW-W 2.426% Distribution WD W 2.831% Distribution WD W-NW 1.324% Distribution WD NW 1.654% Distribution WD NW-N 4.890% Distribution WD N 8.603% Rain days >0.0 l/m² Month 10 Rain days >2.0 l/m² Month 0 Rain days >20.0 l/m² Month 0 Ice days max < 0°C 0 Cold days min <= 0°C 6 Cool days max < 10°C 19 Summer days max >=25°C 0 Hot days max >=30°C 0 Last year same Month: Ice days max < 0°C 0 Last year same Month: Cold days min <= 0°C 4 Last year same Month: Cool days max < 10°C 17 Last year same Month: Summer days max >=25°C 0 Last year same Month: Hot days max >=30°C 0 © 1999-2020 Werner Krenn - Wetterstation Bedien- und Auswertesoftware - V2.99.8.8