MONTHLY CLIMATOLOGICAL SUMMARY for Juli 2014 CITY: Mannheim-Seckenheim ELEV: 96 m LAT: 49° 28' 7" LONG: 8° 33' 26" TEMPERATURE (°C), BAROMETER (hPa), RAIN (l/m²), WIND SPEED (km/h) MEAN TEMPERATURE WIND DOM DAY TEMP HIGH TIME LOW TIME HUM Baro Rain SPEED HIGH TIME DIR -------------------------------------------------------------------------------------------------------------- 1 18.4 24.4 16:20 11.3 05:35 59 1016.6 0.0 5.8 14.5 12:40 NO 2 19.5 25.9 17:25 11.8 05:35 54 1018.5 0.0 7.8 20.9 17:00 N-NO 3 21.8 29.7 16:10 13.4 03:30 58 1020.7 0.0 6.9 25.7 13:25 SW 4 23.7 31.6 15:45 15.1 05:25 54 1011.2 0.2 5.9 20.9 20:00 NO 5 20.8 23.8 11:55 18.9 01:25 78 1009.1 0.6 13.1 32.2 02:40 SW 6 24.7 31.3 14:15 17.9 06:10 65 1008.9 7.4 8.7 53.1 21:20 SW 7 20.3 24.2 16:05 17.7 08:20 80 1013.5 1.2 7.7 17.7 17:10 NO 8 16.7 19.9 09:15 14.2 23:40 93 1007.7 15.2 9.5 29.0 11:30 SW 9 13.6 14.6 14:10 12.9 22:50 94 1007.5 12.8 13.6 27.4 13:50 SW 10 15.7 19.7 18:35 12.7 01:20 88 1008.2 4.8 5.2 24.1 00:45 SW 11 20.0 26.5 16:15 14.6 04:40 79 1011.1 0.2 5.2 27.4 17:35 NO 12 20.4 24.4 15:45 17.8 02:45 82 1010.9 0.6 8.2 27.4 16:00 W 13 19.0 22.1 12:25 17.1 08:30 87 1009.4 14.2 6.9 25.7 12:40 SW 14 20.8 26.4 16:35 17.4 04:00 77 1012.0 1.6 7.3 19.3 16:20 SW 15 21.2 27.4 16:05 14.9 05:40 69 1018.6 0.0 5.2 19.3 13:30 SW 16 21.8 28.2 16:25 16.0 05:40 69 1019.9 0.0 3.5 14.5 15:20 NO 17 23.7 30.4 15:20 15.7 05:50 64 1019.2 0.0 4.0 12.9 15:45 NO 18 26.0 33.9 16:35 17.2 05:45 55 1015.8 0.0 5.6 20.9 17:50 O 19 27.1 34.9 16:10 18.4 05:45 52 1011.0 0.0 5.8 22.5 12:55 O 20 23.2 27.6 12:45 19.3 23:20 74 1008.6 1.4 6.2 29.0 14:55 SW 21 20.2 22.4 16:50 18.9 08:20 92 1009.8 29.8 6.2 16.1 22:30 SW 22 23.5 28.9 15:50 19.5 04:55 77 1012.2 4.0 11.6 24.1 15:30 NO 23 24.9 30.3 16:25 19.1 05:15 60 1013.4 0.0 10.4 25.7 13:25 NO 24 22.9 28.2 16:30 18.1 06:05 61 1011.0 0.2 7.9 22.5 18:15 NO 25 21.4 27.3 15:50 15.8 06:20 74 1011.0 3.8 7.1 30.6 17:10 N 26 21.4 25.8 16:30 16.4 05:30 76 1011.4 0.0 5.2 17.7 16:25 W 27 22.2 29.6 17:10 17.3 06:15 77 1013.4 11.4 5.5 29.0 19:05 W 28 21.9 28.6 16:40 16.4 05:45 81 1009.6 7.6 4.7 22.5 17:05 W 29 20.1 24.9 15:05 18.1 08:05 92 1006.9 4.4 4.9 14.5 00:10 SW 30 20.6 22.9 15:30 18.8 23:40 88 1008.8 1.2 8.3 27.4 16:20 N-NO 31 21.5 26.3 15:40 17.8 06:35 71 1013.4 0.0 4.3 12.9 14:25 NO -------------------------------------------------------------------------------------------------------------- Avg: 21.3 34.9 19 11.3 1 73 1012.2 122.6 7.0 53.1 6 SW Distribution WD Values 4795 Distribution WD N-NO 9.135% Distribution WD NO 13.472% Distribution WD NO-O 7.466% Distribution WD O 4.129% Distribution WD O-SO 2.357% Distribution WD SO 1.314% Distribution WD SO-S 2.169% Distribution WD S 3.316% Distribution WD S-SW 6.111% Distribution WD SW 17.477% Distribution WD SW-W 6.257% Distribution WD W 11.303% Distribution WD W-NW 2.106% Distribution WD NW 2.628% Distribution WD NW-N 3.420% Distribution WD N 7.341% Rain days >0.0 l/m² Month 20 Rain days >2.0 l/m² Month 11 Rain days >20.0 l/m² Month 1 Ice days max < 0°C 0 Cold days min <= 0°C 0 Cool days max < 10°C 0 Summer days max >=25°C 20 Hot days max >=30°C 6 Last year same Month: Ice days max < 0°C 0 Last year same Month: Cold days min <= 0°C 0 Last year same Month: Cool days max < 10°C 0 Last year same Month: Summer days max >=25°C 27 Last year same Month: Hot days max >=30°C 9 © 1999-2020 Werner Krenn - Wetterstation Bedien- und Auswertesoftware - V2.99.8.8