MONTHLY CLIMATOLOGICAL SUMMARY for Januar     2017

CITY: Mannheim-Seckenheim    ELEV: 96 m  LAT: 49 28' 7"   LONG: 8 33' 26" 

    TEMPERATURE (C), BAROMETER (hPa), RAIN  (l/m), WIND SPEED (km/h)

        MEAN            TEMPERATURE                                              WIND                   DOM
 DAY    TEMP    HIGH   TIME     LOW   TIME     HUM       Baro      Rain    SPEED      HIGH   TIME       DIR
--------------------------------------------------------------------------------------------------------------
   1    -2.2    -1.1  20:00    -3.4  01:25      98     1023.3       0.0      2.8      11.3  08:50        SO
   2     0.4     1.5  15:20    -1.4  00:00      98     1022.3       2.2      0.5       4.8  02:55         N
   3     1.0     3.1  14:25    -0.2  06:00      94     1025.9       1.0      4.7      16.1  15:45        SW
   4     2.2     4.1  21:15     0.3  01:30      91     1016.5       0.8      8.9      25.7  13:30        SW
   5     0.2     3.1  00:00    -4.6  23:45      81     1027.3       0.4      4.6      17.7  12:15      N-NO
   6    -5.3    -2.3  15:05    -8.1  23:00      78     1039.6       0.0      1.2      11.3  11:05         O
   7    -5.4    -2.3  23:45    -9.0  02:45      83     1034.6       0.0      3.7      14.5  14:15      S-SO
   8    -0.6     0.6  14:25    -2.4  00:05      95     1030.5       0.2      2.3       6.4  00:35      S-SO
   9     0.9     1.7  13:05     0.3  01:45      95     1026.1       1.6      3.8      11.3  13:45      S-SO
  10     1.0     1.8  13:50     0.3  06:50      92     1012.1       3.4      2.8      12.9  02:55      S-SO
  11     2.5     4.6  22:10     0.3  01:25      95     1011.6       3.0      6.9      24.1  17:20      S-SO
  12     4.8     5.9  13:00     3.7  07:50      88     1008.7       2.8      7.0      20.9  22:50        SW
  13     3.6     7.2  02:25     0.6  19:55      77     1000.2       0.2     17.0      48.3  06:20        SW
  14     2.5     4.6  14:45     0.8  00:35      84     1011.2       2.0      6.6      16.1  11:10        SW
  15     2.0     4.1  15:10    -0.2  23:50      81     1019.4       0.2      3.9      16.1  20:55        SW
  16    -1.8     0.7  15:15    -4.5  08:20      87     1024.9       0.2      3.3      12.9  14:25      N-NO
  17    -1.7     1.7  14:00    -5.4  02:55      76     1033.3       0.0      6.4      20.9  13:10      N-NO
  18    -2.0     1.1  15:00    -3.9  21:15      73     1035.8       0.0      4.4      16.1  10:20      O-NO
  19    -3.0     1.6  15:30    -7.0  08:55      72     1035.0       0.0      3.8      14.5  15:30      N-NO
  20    -2.0     3.4  15:25    -6.2  07:15      60     1032.6       0.0      0.6       8.0  00:40      N-NO
  21    -3.8     1.9  15:25    -7.8  08:00      76     1029.5       0.0      0.3       4.8  12:05         N
  22    -5.4     0.3  15:20    -9.4  07:05      84     1026.1       0.0      0.5       8.0  13:25        NO
  23    -6.9    -4.1  15:40    -9.8  05:10      92     1026.1       0.0      0.8       4.8  03:25      O-NO
  24    -3.3    -1.9  15:35    -5.1  00:00      90     1028.0       0.0      2.7      12.9  21:10        NO
  25    -3.0    -1.6  22:05    -4.8  01:40      80     1030.0       0.0      5.2      14.5  01:30      O-NO
  26    -0.6     2.3  15:15    -4.1  23:50      75     1025.3       0.0      4.4      17.7  03:50         O
  27    -2.6     3.9  15:15    -6.4  08:05      82     1021.0       0.0      0.7       8.0  12:35      O-NO
  28    -2.0     4.1  15:20    -6.6  08:00      81     1020.0       0.0      0.7       8.0  12:30         O
  29     2.1     7.3  14:45    -4.0  03:20      79     1021.6       0.0      1.6      11.3  12:45      S-SO
  30     4.7     6.5  15:45     0.6  02:55      91     1014.5       1.6      5.6      17.7  15:50      S-SO
  31     4.5     6.1  00:00     3.2  22:20      90     1015.0       0.2      1.3       9.7  10:00      N-NW
--------------------------------------------------------------------------------------------------------------
Avg:    -0.6     7.3     29    -9.8     23      84     1023.5      19.8      3.8      48.3     13        SW


Distribution WD Values         2173
Distribution WD N-NO       10.078%
Distribution WD NO          9.112%
Distribution WD NO-O        6.121%
Distribution WD O           4.050%
Distribution WD O-SO        2.577%
Distribution WD SO          8.514%
Distribution WD SO-S       16.061%
Distribution WD S           4.648%
Distribution WD S-SW        7.455%
Distribution WD SW         20.939%
Distribution WD SW-W        5.430%
Distribution WD W           0.368%
Distribution WD W-NW        0.046%
Distribution WD NW          0.552%
Distribution WD NW-N        1.012%
Distribution WD N           3.037%

Rain days >0.0 l/m Month     15
Rain days >2.0 l/m Month     5
Rain days >20.0 l/m Month    0


Ice days    max <  0C      6
Cold days   min <= 0C     22
Cool days   max < 10C     31
Summer days max >=25C      0
Hot days    max >=30C      0

Last year same Month: Ice days    max <  0C      2
Last year same Month: Cold days   min <= 0C      7
Last year same Month: Cool days   max < 10C     24
Last year same Month: Summer days max >=25C      0
Last year same Month: Hot days    max >=30C      0

 1999-2020  Werner Krenn - Wetterstation Bedien- und Auswertesoftware - V2.99.8.8