MONTHLY CLIMATOLOGICAL SUMMARY for Februar    2017

CITY: Mannheim-Seckenheim    ELEV: 96 m  LAT: 49 28' 7"   LONG: 8 33' 26" 

    TEMPERATURE (C), BAROMETER (hPa), RAIN  (l/m), WIND SPEED (km/h)

        MEAN            TEMPERATURE                                              WIND                   DOM
 DAY    TEMP    HIGH   TIME     LOW   TIME     HUM       Baro      Rain    SPEED      HIGH   TIME       DIR
--------------------------------------------------------------------------------------------------------------
   1     3.5     6.6  15:30    -0.6  06:10      86     1016.6       0.0      0.5       4.8  10:35         N
   2     6.0     9.7  14:55     3.1  00:00      91     1010.3       0.2      0.2       4.8  00:20      N-NO
   3     8.3    11.6  13:30     5.2  20:10      88     1005.7       0.0      4.6      14.5  13:35      S-SO
   4     6.6     9.1  16:20     3.6  08:45      85     1001.2       2.0      6.8      25.7  20:15      S-SO
   5     5.7     8.6  14:20     1.6  09:05      86     1002.9       0.2      1.9      12.9  14:05      S-SO
   6     5.7     9.6  15:20     3.4  08:15      83     1014.2       0.0      1.0       9.7  11:20      O-NO
   7     4.5     8.6  14:30    -0.3  07:25      84     1016.9       0.0      0.8       8.0  14:20      O-NO
   8     4.9     8.5  14:40     1.1  23:50      78     1020.8       0.0      2.1       9.7  16:30      O-NO
   9     1.1     3.7  14:15    -1.6  05:35      77     1024.5       0.0      5.9      19.3  15:15        NO
  10     1.9     4.0  15:55     0.2  23:50      76     1020.2       0.0      3.3      11.3  00:30      O-NO
  11     3.4     7.7  15:20    -0.5  00:45      82     1019.0       0.6      0.8       6.4  12:30         O
  12     3.9     7.7  14:15     0.1  23:40      85     1024.5       0.4      2.3      11.3  17:45      O-NO
  13     4.2     9.4  15:35     0.1  00:00      74     1027.6       0.0      5.2      14.5  14:30      O-NO
  14     3.7    10.1  15:50    -1.8  08:05      70     1029.1       0.0      0.9      12.9  01:40      N-NO
  15     2.8    10.3  15:50    -2.9  07:40      81     1033.7       0.0      0.8       9.7  11:40         S
  16     6.7    15.0  15:45    -0.4  07:55      83     1030.1       2.4      2.2      11.3  14:55      S-SO
  17     8.2    11.4  12:30     4.6  08:40      86     1025.4       0.4      3.3      14.5  12:30        SW
  18     6.2    10.4  12:30     0.0  23:55      80     1026.2       0.0      1.7      12.9  14:00      N-NO
  19     4.0    10.1  16:50    -1.8  05:55      84     1023.2       0.0      2.1      12.9  14:15        SO
  20     8.0    10.5  12:55     5.8  07:00      87     1020.2       3.6      6.1      19.3  15:35      S-SO
  21    10.7    12.9  14:30     8.7  00:00      91     1015.8       4.2      6.4      17.7  14:05        SW
  22    10.7    11.9  12:45     9.2  20:25      87     1012.0       0.2     12.2      29.0  11:45        SW
  23    10.8    15.9  14:10     8.6  21:40      76     1003.5       0.2     15.6      37.0  17:55        SW
  24     6.6     9.3  00:20     2.3  23:55      70     1011.7       0.4      7.9      32.2  00:10        SW
  25     5.2    10.6  15:25     0.7  05:05      77     1020.8       0.2      3.9      16.1  14:35      S-SO
  26     8.0    13.7  16:00     3.1  06:10      69     1015.0       0.0      6.5      24.1  14:50      S-SO
  27    11.6    15.9  15:00     8.3  23:00      63     1004.1       2.2     10.6      40.2  21:45      S-SO
  28     6.5     9.4  12:10     4.2  08:10      84      996.0      10.0     11.0      27.4  03:45      S-SO
--------------------------------------------------------------------------------------------------------------
Avg:     6.0    15.9     23    -2.9     15      81     1016.8      27.2      4.5      40.2     27        SW


Distribution WD Values         2506
Distribution WD N-NO        3.831%
Distribution WD NO          4.190%
Distribution WD NO-O        5.347%
Distribution WD O           2.474%
Distribution WD O-SO        1.596%
Distribution WD SO          8.899%
Distribution WD SO-S       22.945%
Distribution WD S           7.901%
Distribution WD S-SW        8.380%
Distribution WD SW         25.299%
Distribution WD SW-W        6.584%
Distribution WD W           0.519%
Distribution WD W-NW        0.000%
Distribution WD NW          0.200%
Distribution WD NW-N        0.519%
Distribution WD N           1.317%

Rain days >0.0 l/m Month     15
Rain days >2.0 l/m Month     6
Rain days >20.0 l/m Month    0


Ice days    max <  0C      0
Cold days   min <= 0C      8
Cool days   max < 10C     14
Summer days max >=25C      0
Hot days    max >=30C      0

Last year same Month: Ice days    max <  0C      0
Last year same Month: Cold days   min <= 0C      5
Last year same Month: Cool days   max < 10C     20
Last year same Month: Summer days max >=25C      0
Last year same Month: Hot days    max >=30C      0

 1999-2020  Werner Krenn - Wetterstation Bedien- und Auswertesoftware - V2.99.8.8