MONTHLY CLIMATOLOGICAL SUMMARY for Juni       2017

CITY: Mannheim-Seckenheim    ELEV: 96 m  LAT: 49 28' 7"   LONG: 8 33' 26" 

    TEMPERATURE (C), BAROMETER (hPa), RAIN  (l/m), WIND SPEED (km/h)

        MEAN            TEMPERATURE                                              WIND                   DOM
 DAY    TEMP    HIGH   TIME     LOW   TIME     HUM       Baro      Rain    SPEED      HIGH   TIME       DIR
--------------------------------------------------------------------------------------------------------------
   1    21.7    28.5  17:10    13.8  05:40      63     1018.8       0.0      2.0      11.3  17:40      O-NO
   2    23.2    29.9  16:50    15.4  05:55      62     1015.2       0.0      2.3      12.9  13:40      O-SO
   3    22.1    29.8  13:15    18.4  21:35      77     1011.3       5.0      2.9      22.5  13:35      N-NO
   4    18.5    22.8  16:45    15.2  08:20      82     1012.9       9.6      4.1      14.5  15:45        SW
   5    17.4    22.3  18:00    13.0  05:30      77     1012.7       0.0      3.0      14.5  13:30         O
   6    16.5    21.0  16:00    13.2  23:50      75     1005.2       2.0      7.4      25.7  18:40        SW
   7    14.8    19.9  16:40    10.1  05:10      68     1015.0       0.8      8.7      30.6  14:35        SW
   8    18.2    26.2  18:25    10.4  04:20      61     1017.3       0.0      4.0      14.5  10:45      W-SW
   9    17.6    24.2  15:55    12.2  05:55      76     1012.7      16.8      3.6      33.8  18:40        SW
  10    18.9    25.9  18:05    12.7  04:25      73     1019.4       0.2      1.9      11.3  14:15         O
  11    23.0    31.4  16:50    13.2  05:45      64     1015.9       0.0      2.5      14.5  13:50         O
  12    23.3    27.1  16:25    17.8  23:55      57     1014.0       0.0      5.8      22.5  14:40      S-SW
  13    19.2    25.2  17:05    11.8  05:45      62     1017.3       0.0      3.8      16.1  17:30      N-NO
  14    21.6    29.1  18:20    13.3  05:30      59     1016.2       0.0      2.4      11.3  12:45      N-NO
  15    23.6    31.2  16:40    15.2  05:35      63     1013.5       0.0      2.3      16.1  19:45      W-SW
  16    21.6    25.2  13:10    17.8  23:55      56     1018.2       0.0      7.8      19.3  11:40      S-SW
  17    18.8    22.2  14:10    13.7  06:15      65     1024.3       0.0      3.2      11.3  10:55         N
  18    22.6    28.9  17:30    17.9  06:00      62     1022.5       0.0      3.3      16.1  15:05      O-NO
  19    24.4    32.1  17:00    14.8  05:40      53     1018.1       0.0      3.3      16.1  11:00         O
  20    25.9    35.1  17:10    15.9  05:35      58     1013.9       0.0      2.1       9.7  12:35      N-NO
  21    27.1    33.6  15:35    21.2  06:30      59     1013.3       0.0      2.5      12.9  12:50      N-NO
  22    28.0    35.9  14:40    20.3  04:50      59     1011.1       0.0      3.4      16.1  14:35      W-SW
  23    25.7    31.3  18:05    21.1  06:35      53     1013.3       0.0      5.8      19.3  16:00        SW
  24    23.3    29.1  18:00    17.3  04:30      53     1015.1       0.0      5.5      19.3  11:50        SW
  25    22.7    26.4  15:00    19.6  05:35      59     1012.5       0.0      5.5      22.5  15:10        SW
  26    25.0    32.2  17:50    19.7  05:40      57     1010.5       0.0      4.8      16.1  20:40      N-NO
  27    24.0    28.7  16:10    19.9  05:15      66     1005.9       0.0      3.4      14.5  17:45         O
  28    22.3    27.5  17:40    18.9  10:45      74      997.7       5.0      4.0      20.9  14:20      W-SW
  29    19.6    25.3  15:55    16.9  06:45      79      997.6      21.8      5.4      22.5  17:35        SW
  30    19.2    25.2  17:20    15.4  05:40      66     1004.9       0.0      6.1      29.0  18:40      W-SW
--------------------------------------------------------------------------------------------------------------
Avg:    21.7    35.9     22    10.1      7      65     1013.2      61.2      4.1      33.8      9        SW


Distribution WD Values         1929
Distribution WD N-NO        8.191%
Distribution WD NO          3.577%
Distribution WD NO-O        4.925%
Distribution WD O           7.050%
Distribution WD O-SO        3.784%
Distribution WD SO          3.007%
Distribution WD SO-S        2.851%
Distribution WD S           5.184%
Distribution WD S-SW       13.167%
Distribution WD SW         22.291%
Distribution WD SW-W       15.967%
Distribution WD W           3.266%
Distribution WD W-NW        0.259%
Distribution WD NW          0.363%
Distribution WD NW-N        1.140%
Distribution WD N           4.977%

Rain days >0.0 l/m Month     8
Rain days >2.0 l/m Month     6
Rain days >20.0 l/m Month    1


Ice days    max <  0C      0
Cold days   min <= 0C      0
Cool days   max < 10C      0
Summer days max >=25C     24
Hot days    max >=30C      8

Last year same Month: Ice days    max <  0C      0
Last year same Month: Cold days   min <= 0C      0
Last year same Month: Cool days   max < 10C      0
Last year same Month: Summer days max >=25C      8
Last year same Month: Hot days    max >=30C      2

 1999-2020  Werner Krenn - Wetterstation Bedien- und Auswertesoftware - V2.99.8.8