MONTHLY CLIMATOLOGICAL SUMMARY for August     2017

CITY: Mannheim-Seckenheim    ELEV: 96 m  LAT: 49 28' 7"   LONG: 8 33' 26" 

    TEMPERATURE (C), BAROMETER (hPa), RAIN  (l/m), WIND SPEED (km/h)

        MEAN            TEMPERATURE                                              WIND                   DOM
 DAY    TEMP    HIGH   TIME     LOW   TIME     HUM       Baro      Rain    SPEED      HIGH   TIME       DIR
--------------------------------------------------------------------------------------------------------------
   1    23.7    30.4  14:40    18.9  06:35      77     1013.6       0.8      3.6      20.9  15:20      N-NO
   2    24.3    30.3  16:55    18.9  05:30      76     1016.4       0.2      2.7      12.9  12:35        SW
   3    24.1    29.8  18:30    20.5  04:05      77     1012.1       4.8      3.5      17.7  16:50        SW
   4    23.0    27.4  16:35    19.2  23:50      66     1012.9       0.0      4.6      22.5  18:05        SW
   5    21.7    28.1  12:25    17.4  06:15      70     1014.0       0.0      5.7      24.1  13:50      S-SW
   6    19.6    25.5  18:00    13.4  06:00      64     1020.5       0.0      2.7      12.9  12:35        NO
   7    20.5    28.2  16:55    11.4  06:25      61     1016.9       0.0      3.2      16.1  17:15      O-SO
   8    20.4    25.3  18:00    15.3  03:45      73     1009.9       0.0      2.8      16.1  15:45        SW
   9    20.2    26.4  15:45    14.1  06:45      67     1014.8       2.4      2.2       9.7  15:30        SO
  10    15.9    18.0  00:05    14.8  11:25      95     1017.6      26.8      0.9      11.3  14:25      N-NO
  11    15.2    16.6  14:10    13.6  05:35      96     1015.7       9.2      1.2      12.9  17:50         N
  12    16.4    18.7  13:05    14.3  02:50      91     1017.5      11.0      3.5      16.1  10:50        SW
  13    19.0    23.4  18:25    15.9  04:50      87     1018.9       3.2      1.6      11.3  13:50        SO
  14    21.5    29.0  18:05    15.1  03:55      77     1017.6       0.0      2.3      14.5  13:50         O
  15    21.9    29.2  13:20    16.0  06:20      81     1015.9       2.4      1.8      12.9  13:55      S-SO
  16    21.9    26.7  15:35    17.1  07:00      80     1019.1       2.0      1.0      14.5  00:10      N-NO
  17    22.6    29.2  15:55    16.3  06:20      76     1016.4       0.0      3.2      19.3  15:55        SW
  18    21.5    28.7  14:55    17.4  22:45      80     1013.5       2.8      4.0      35.4  17:00        SW
  19    19.0    23.8  16:20    14.6  07:25      72     1017.8       0.8      4.3      16.1  14:40        SW
  20    17.8    22.6  16:05    13.0  07:00      65     1022.2       0.0      4.5      17.7  15:55        SW
  21    17.7    23.5  15:25    12.9  02:00      67     1022.3       0.0      1.5       8.0  10:25      S-SO
  22    18.4    26.0  16:55    10.6  07:10      69     1019.1       0.0      1.8       9.7  15:10      O-NO
  23    21.4    29.6  17:45    14.3  07:20      64     1014.9       0.0      1.7       9.7  12:40         O
  24    22.0    27.1  17:35    17.6  03:20      66     1015.0       0.0      2.8      16.1  10:50        SW
  25    21.7    29.7  17:05    15.8  04:25      74     1015.7       0.4      2.1      24.1  19:00      N-NO
  26    23.6    31.2  17:25    17.4  06:25      77     1013.9       0.0      2.4      19.3  15:10        SW
  27    22.6    28.4  15:55    17.9  06:45      77     1015.4       0.0      1.4      11.3  17:05        SW
  28    22.4    29.4  16:35    16.6  06:10      74     1016.5       0.0      1.6       8.0  13:35      N-NO
  29    23.4    31.6  16:45    15.8  06:45      69     1013.4       0.0      1.7      11.3  14:00      O-SO
  30    24.2    31.4  15:25    16.9  06:50      71     1008.7       0.2      3.7      14.5  14:45        SW
  31    19.4    21.9  00:00    16.0  23:10      82     1014.0       0.4      3.4      19.3  12:05        SW
--------------------------------------------------------------------------------------------------------------
Avg:    20.9    31.6     29    10.6     22      75     1015.9      67.4      2.7      35.4     18        SW


Distribution WD Values         1185
Distribution WD N-NO        5.823%
Distribution WD NO          3.376%
Distribution WD NO-O        3.966%
Distribution WD O           4.388%
Distribution WD O-SO        4.810%
Distribution WD SO          6.751%
Distribution WD SO-S        5.907%
Distribution WD S           3.966%
Distribution WD S-SW       14.515%
Distribution WD SW         25.401%
Distribution WD SW-W       13.755%
Distribution WD W           2.110%
Distribution WD W-NW        0.506%
Distribution WD NW          0.844%
Distribution WD NW-N        0.675%
Distribution WD N           3.207%

Rain days >0.0 l/m Month     15
Rain days >2.0 l/m Month     9
Rain days >20.0 l/m Month    1


Ice days    max <  0C      0
Cold days   min <= 0C      0
Cool days   max < 10C      0
Summer days max >=25C     23
Hot days    max >=30C      5

Last year same Month: Ice days    max <  0C      0
Last year same Month: Cold days   min <= 0C      0
Last year same Month: Cool days   max < 10C      0
Last year same Month: Summer days max >=25C     20
Last year same Month: Hot days    max >=30C      5

 1999-2020  Werner Krenn - Wetterstation Bedien- und Auswertesoftware - V2.99.8.8