MONTHLY CLIMATOLOGICAL SUMMARY for September  2017

CITY: Mannheim-Seckenheim    ELEV: 96 m  LAT: 49 28' 7"   LONG: 8 33' 26" 

    TEMPERATURE (C), BAROMETER (hPa), RAIN  (l/m), WIND SPEED (km/h)

        MEAN            TEMPERATURE                                              WIND                   DOM
 DAY    TEMP    HIGH   TIME     LOW   TIME     HUM       Baro      Rain    SPEED      HIGH   TIME       DIR
--------------------------------------------------------------------------------------------------------------
   1    16.6    21.9  17:25    12.2  07:25      75     1018.3       0.0      2.3      12.9  12:45        NO
   2    14.7    19.4  14:05    11.9  23:00      83     1017.3       3.4      1.1       9.7  15:20        SO
   3    14.0    20.6  17:10     9.7  05:10      82     1016.3       0.2      1.0       9.7  14:10        SW
   4    15.1    21.0  14:25     8.3  07:05      78     1015.8       0.0      1.2       9.7  14:00      S-SO
   5    20.1    26.2  17:25    14.5  07:10      76     1017.6       1.6      2.1      11.3  11:50        SO
   6    19.6    23.4  12:30    16.1  23:50      71     1016.0       0.2      6.6      27.4  14:50        SW
   7    17.2    20.8  16:05    14.3  07:05      69     1016.0       0.0      3.3      12.9  10:40        SW
   8    17.0    21.7  15:30    13.6  06:20      72     1008.7       0.0      6.9      20.9  16:15      W-SW
   9    16.3    19.4  15:30    14.2  23:50      78     1000.1       1.6      5.3      14.5  09:40        SW
  10    15.7    21.2  17:15    11.2  07:30      76     1004.6       0.2      3.1      14.5  15:30        SW
  11    14.7    18.7  15:10    11.9  03:50      78     1001.9       1.8      6.3      20.9  11:05        SW
  12    15.7    20.2  16:50    12.6  00:10      71     1007.9       0.0      8.2      19.3  10:40        SW
  13    15.3    20.5  14:10    12.6  03:30      80     1007.0      10.0     10.5      30.6  13:25        SW
  14    12.9    15.9  17:15    11.1  12:00      89     1006.9      29.6      8.9      25.7  14:15        SW
  15    12.8    17.6  14:40     9.7  23:50      84     1012.8       4.4      3.5      14.5  14:25      W-SW
  16    11.8    17.6  14:30     6.4  07:30      83     1011.4       1.8      1.7      16.1  15:00      O-SO
  17    12.1    17.8  15:30     8.1  06:55      83     1012.7       0.0      1.5       9.7  15:30      S-SW
  18    12.2    15.9  13:15     9.7  04:35      88     1015.1       2.8      1.9      11.3  14:25        SW
  19    12.5    16.7  17:50    10.5  05:00      88     1017.0       1.6      1.4       9.7  15:30        SW
  20    12.8    17.9  16:50     9.1  07:30      87     1020.7       0.0      1.8      12.9  17:10      S-SW
  21    12.9    20.8  16:05     6.2  07:25      79     1020.2       0.0      1.2      12.9  16:20      O-SO
  22    13.7    22.2  16:30     7.3  05:35      82     1019.6       0.0      1.1       8.0  10:50        SO
  23    15.3    22.1  16:40    10.7  07:20      82     1021.0       0.0      1.7      11.3  11:30      N-NO
  24    13.8    20.2  14:55     8.9  07:05      87     1020.4       0.0      0.8      11.3  17:35        NO
  25    14.3    21.2  15:40     8.3  06:40      81     1019.1       0.0      1.5      11.3  15:30      N-NO
  26    14.7    21.3  16:25    10.4  07:10      84     1019.9       0.0      1.4       9.7  14:50        NO
  27    14.8    23.2  17:00     9.3  05:35      84     1021.6       0.0      0.6       8.0  14:15        NO
  28    16.7    23.6  17:15    11.6  07:10      83     1022.5       0.0      1.4      11.3  15:55        SO
  29    18.9    24.4  16:40    15.7  04:20      80     1020.6       0.0      1.7      11.3  13:45      S-SO
  30    16.5    23.6  14:35    12.7  23:30      86     1015.9       2.4      3.1      16.1  17:25        SW
--------------------------------------------------------------------------------------------------------------
Avg:    15.0    26.2      5     6.2     21      81     1014.8      61.6      3.1      30.6     13        SW


Distribution WD Values         1397
Distribution WD N-NO        2.362%
Distribution WD NO          2.434%
Distribution WD NO-O        1.646%
Distribution WD O           0.859%
Distribution WD O-SO        1.646%
Distribution WD SO          7.301%
Distribution WD SO-S        8.232%
Distribution WD S           4.796%
Distribution WD S-SW       11.954%
Distribution WD SW         32.283%
Distribution WD SW-W       20.472%
Distribution WD W           3.293%
Distribution WD W-NW        0.358%
Distribution WD NW          0.716%
Distribution WD NW-N        0.358%
Distribution WD N           1.288%

Rain days >0.0 l/m Month     14
Rain days >2.0 l/m Month     6
Rain days >20.0 l/m Month    1


Ice days    max <  0C      0
Cold days   min <= 0C      0
Cool days   max < 10C      0
Summer days max >=25C      1
Hot days    max >=30C      0

Last year same Month: Ice days    max <  0C      0
Last year same Month: Cold days   min <= 0C      0
Last year same Month: Cool days   max < 10C      0
Last year same Month: Summer days max >=25C     15
Last year same Month: Hot days    max >=30C      5

 1999-2020  Werner Krenn - Wetterstation Bedien- und Auswertesoftware - V2.99.8.8