MONTHLY CLIMATOLOGICAL SUMMARY for Oktober    2017

CITY: Mannheim-Seckenheim    ELEV: 96 m  LAT: 49 28' 7"   LONG: 8 33' 26" 

    TEMPERATURE (C), BAROMETER (hPa), RAIN  (l/m), WIND SPEED (km/h)

        MEAN            TEMPERATURE                                              WIND                   DOM
 DAY    TEMP    HIGH   TIME     LOW   TIME     HUM       Baro      Rain    SPEED      HIGH   TIME       DIR
--------------------------------------------------------------------------------------------------------------
   1    13.2    18.1  16:25     9.0  07:45      85     1020.7       0.0      1.1       9.7  14:30      S-SO
   2    14.7    17.1  17:00    10.9  00:00      87     1016.6       0.2      5.5      17.7  16:15        SO
   3    13.9    18.7  16:15     9.7  23:00      85     1018.0      12.2      3.7      17.7  14:40        SW
   4    12.5    17.2  16:05     8.7  06:55      82     1023.1       0.0      3.9      22.5  14:50        SW
   5    13.3    19.1  12:40     8.7  23:20      81     1014.5       2.4      8.4      32.2  13:10        SW
   6     9.9    12.9  14:45     6.8  07:45      90     1018.9       3.8      2.7      16.1  13:25      S-SW
   7    10.8    14.1  14:30     7.7  08:20      85     1020.9       2.0      3.5      16.1  14:35        SW
   8    12.6    16.6  14:05    10.3  00:25      92     1016.2       9.2      2.9      12.9  13:35        SW
   9    12.6    16.1  16:35     9.3  03:30      89     1019.4       0.2      1.1       9.7  15:20      S-SO
  10    12.7    14.2  18:25    10.9  07:10      92     1018.1       0.2      3.5      14.5  15:10        SW
  11    14.1    17.2  17:40    11.3  23:00      88     1018.5       0.0      2.0      12.9  15:05      W-SW
  12    15.1    19.6  14:05    11.6  08:05      84     1021.1       0.0      4.2      19.3  11:45        SW
  13    15.0    20.4  15:45    11.4  08:00      89     1025.9       0.0      1.7       9.7  11:40      S-SO
  14    14.3    22.8  16:20     8.9  07:30      86     1026.6       0.0      0.5       6.4  13:50      S-SO
  15    13.9    21.6  16:10     8.4  08:20      88     1024.8       0.2      1.1       9.7  15:00        SW
  16    15.9    24.2  16:20    10.7  00:50      82     1023.7       0.2      1.7      11.3  10:30      S-SO
  17    14.8    22.7  16:15     9.6  05:55      82     1020.6       0.2      1.5      11.3  14:20         O
  18    13.8    21.6  16:15     8.5  07:50      81     1014.6       0.0      1.6       9.7  15:35      O-SO
  19    13.9    21.3  16:05     8.7  04:00      83     1012.2       0.2      1.7      11.3  13:50      S-SO
  20    14.3    19.8  13:15     9.6  23:20      81     1013.0       0.0      3.6      16.1  13:15        SW
  21    13.5    18.2  15:40     9.1  01:25      88     1014.8       3.0      2.8      12.9  16:30        SW
  22    10.8    13.2  14:05     8.4  22:45      87     1015.6       1.2      5.9      20.9  12:25        SW
  23    10.5    12.9  16:25     8.2  05:00      88     1020.0       1.0      2.5      12.9  12:45        SW
  24    13.0    15.5  16:20    10.9  00:00      91     1023.9       1.0      3.5      14.5  14:40      S-SO
  25    14.9    18.8  15:05    11.7  23:35      90     1022.8       0.0      2.8      12.9  14:35        SW
  26    11.9    16.6  15:50     8.2  05:55      94     1024.1       0.2      0.3       4.8  14:05         N
  27    11.9    15.3  15:40     9.2  23:50      84     1024.5       2.4      4.8      27.4  12:30      N-NO
  28     9.1    11.6  16:35     5.7  05:15      84     1023.1       1.2      5.4      22.5  12:05        SW
  29    10.9    13.9  11:45     5.3  23:55      77     1013.2       2.6     11.5      33.8  09:05        SW
  30     6.7    11.2  13:35     2.4  06:50      83     1024.6       0.0      1.6      16.1  13:00      N-NO
  31     6.0    10.9  14:40     1.2  06:50      83     1026.9       0.0      0.5       6.4  11:40      N-NW
--------------------------------------------------------------------------------------------------------------
Avg:    12.6    24.2     16     1.2     31      86     1020.0      43.6      3.1      33.8     29        SW


Distribution WD Values         1402
Distribution WD N-NO        7.632%
Distribution WD NO          1.712%
Distribution WD NO-O        0.999%
Distribution WD O           1.783%
Distribution WD O-SO        2.354%
Distribution WD SO          6.205%
Distribution WD SO-S        9.272%
Distribution WD S           4.208%
Distribution WD S-SW       12.553%
Distribution WD SW         31.455%
Distribution WD SW-W       13.766%
Distribution WD W           1.783%
Distribution WD W-NW        0.285%
Distribution WD NW          0.499%
Distribution WD NW-N        0.856%
Distribution WD N           4.636%

Rain days >0.0 l/m Month     20
Rain days >2.0 l/m Month     7
Rain days >20.0 l/m Month    0


Ice days    max <  0C      0
Cold days   min <= 0C      0
Cool days   max < 10C      0
Summer days max >=25C      0
Hot days    max >=30C      0

Last year same Month: Ice days    max <  0C      0
Last year same Month: Cold days   min <= 0C      0
Last year same Month: Cool days   max < 10C      1
Last year same Month: Summer days max >=25C      0
Last year same Month: Hot days    max >=30C      0

 1999-2020  Werner Krenn - Wetterstation Bedien- und Auswertesoftware - V2.99.8.8