MONTHLY CLIMATOLOGICAL SUMMARY for Dezember   2017

CITY: Mannheim-Seckenheim    ELEV: 96 m  LAT: 49 28' 7"   LONG: 8 33' 26" 

    TEMPERATURE (C), BAROMETER (hPa), RAIN  (l/m), WIND SPEED (km/h)

        MEAN            TEMPERATURE                                              WIND                   DOM
 DAY    TEMP    HIGH   TIME     LOW   TIME     HUM       Baro      Rain    SPEED      HIGH   TIME       DIR
--------------------------------------------------------------------------------------------------------------
   1     1.3     2.2  15:35    -0.8  23:25      96     1013.1       1.8      0.8       4.8  03:10         N
   2    -1.3    -0.2  00:35    -3.0  08:30      97     1024.6       0.0      0.4       4.8  09:50         N
   3    -0.3     0.3  23:20    -0.7  05:55      92     1026.4       6.2      1.5       6.4  05:20      S-SW
   4     1.6     2.5  18:15     0.3  00:00      97     1030.3       0.0      2.1       8.0  09:25      S-SO
   5     4.7     6.9  13:40     2.4  00:05      93     1035.5       0.0      3.2      11.3  15:00        SW
   6     4.7     5.5  00:05     4.2  06:55      90     1032.5       0.0      4.1      12.9  17:35      S-SO
   7     4.0     7.1  14:45     0.6  08:25      86     1020.3       0.6      9.5      22.5  14:20      S-SO
   8     4.6     7.6  03:10     1.1  23:10      86     1011.1       3.8      8.0      32.2  12:35        SW
   9     1.3     2.8  13:05    -0.6  08:25      79     1014.8       0.0      7.4      19.3  14:50        SW
  10     1.6     7.8  23:40    -0.7  12:05      88      994.2       2.8     10.6      22.5  23:50      S-SO
  11     7.8     9.1  23:00     6.7  05:10      91      982.9      15.4      8.9      25.7  23:45      S-SO
  12     4.4     7.8  00:00     0.8  23:40      79     1006.3       0.0      9.8      32.2  03:50        SW
  13     3.5     6.3  22:40     0.8  00:00      88     1008.7       3.8      9.4      24.1  22:50      S-SO
  14     6.2     7.8  12:45     4.5  21:20      81      995.9       2.4     14.0      37.0  06:40        SW
  15     4.4     5.7  15:35     3.2  05:35      91      996.6       7.4      5.5      20.9  02:05      S-SO
  16     3.8     5.2  15:00     2.8  20:45      93     1009.6       2.6      1.4      12.9  13:50        SW
  17     3.4     4.3  12:00     2.7  23:05      85     1022.5       0.0      4.4      12.9  11:25        SW
  18     1.8     2.7  00:00     0.7  06:00      94     1023.6       5.6      1.9      14.5  03:05      S-SO
  19     2.7     4.1  13:50     1.5  06:00      96     1032.8       2.0      0.6       6.4  17:30      S-SO
  20     4.1     4.9  22:50     3.4  06:45      98     1033.5       3.0      2.2       8.0  02:00      S-SO
  21     5.7     6.6  23:45     4.9  00:00      98     1034.6       1.6      2.5       8.0  07:50      S-SO
  22     7.7     8.6  18:15     6.6  00:00      99     1033.4       3.6      1.4       8.0  07:00      S-SO
  23     8.2     8.8  12:55     7.6  05:55      97     1033.6       0.2      1.9      12.9  15:00        SW
  24     7.8     8.4  13:40     6.8  23:55      89     1028.5       0.0      4.6      12.9  15:20        SW
  25     4.7     6.9  00:05     2.3  19:45      91     1019.7       0.0      5.4      14.5  11:50      S-SO
  26     5.4     8.7  13:10     2.7  00:00      84     1005.8       0.0      7.1      27.4  13:05      S-SO
  27     5.6     7.1  13:15     4.4  23:55      85      988.8       3.6      5.1      14.5  06:50      S-SO
  28     3.6     5.0  12:15     0.2  21:50      86      998.8       2.4      6.5      16.1  15:10        SW
  29     2.2     4.5  15:15     0.0  05:05      87     1007.6       2.4      6.7      25.7  17:10      S-SO
  30     8.0    13.8  19:10     3.5  00:00      92     1005.0      12.8      7.8      19.3  12:35      S-SO
  31    12.5    14.6  14:20    10.8  20:15      82     1007.4       4.6      9.7      20.9  07:25        SW
--------------------------------------------------------------------------------------------------------------
Avg:     4.4    14.6     31    -3.0      2      90     1015.4      88.6      5.3      37.0     14        SW


Distribution WD Values         3149
Distribution WD N-NO        0.032%
Distribution WD NO          0.064%
Distribution WD NO-O        0.127%
Distribution WD O           0.540%
Distribution WD O-SO        1.334%
Distribution WD SO          8.130%
Distribution WD SO-S       27.723%
Distribution WD S           9.940%
Distribution WD S-SW        9.082%
Distribution WD SW         31.883%
Distribution WD SW-W       10.480%
Distribution WD W           0.445%
Distribution WD W-NW        0.127%
Distribution WD NW          0.000%
Distribution WD NW-N        0.000%
Distribution WD N           0.095%

Rain days >0.0 l/m Month     21
Rain days >2.0 l/m Month     17
Rain days >20.0 l/m Month    0


Ice days    max <  0C      1
Cold days   min <= 0C      5
Cool days   max < 10C     29
Summer days max >=25C      0
Hot days    max >=30C      0

Last year same Month: Ice days    max <  0C      3
Last year same Month: Cold days   min <= 0C     13
Last year same Month: Cool days   max < 10C     29
Last year same Month: Summer days max >=25C      0
Last year same Month: Hot days    max >=30C      0

 1999-2020  Werner Krenn - Wetterstation Bedien- und Auswertesoftware - V2.99.8.8